{"id":814,"date":"2021-05-10T10:15:41","date_gmt":"2021-05-10T10:15:41","guid":{"rendered":"https:\/\/arredamentitrombetta.it\/?post_type=product&#038;p=814"},"modified":"2025-06-12T10:28:26","modified_gmt":"2025-06-12T10:28:26","slug":"panca-in-pelle-baxter-garcon-special-edition-belle-de-jour","status":"publish","type":"product","link":"https:\/\/arredamentitrombetta.it\/en\/prodotti\/panca-in-pelle-baxter-garcon-special-edition-belle-de-jour\/","title":{"rendered":"Panca In Pelle Baxter Gar\u00e7on Special Edition Belle De Jour"},"content":{"rendered":"<h1>Panca Gar\u00e7on Special Edition Belle De Jour<\/h1>\n<p>Struttura in multistrato di abete. Imbottitura in poliuretano espanso. Gambe in trafilato di metallo nero opaco. A richiesta \u00e8 possibile avere le gambe verniciate con colore campione con un supplemento del 6%.<br \/>\nNella Special Edition Belle de Jour rivestimento realizzato con una tecnica esclusiva di piegature e plissettature manuali della pelle, al fine di creare un particolare pattern a strisce.<\/p>\n<h2>Scheda tecnica<\/h2>\n<p><a href=\"https:\/\/arredamentitrombetta.it\/wp-content\/uploads\/Garcon.pdf\">Download Scheda Tecnica Garcon\u00a0<\/a><\/p>\n<p>&nbsp;<\/p>\n","protected":false},"excerpt":{"rendered":"<p>La panca Gar\u00e7on di Baxter, disegnata da Matteo Thun &amp; Antonio Rodriguez, \u00e8 adesso disponibile anche nell&#8217;edizione speciale Belle de Jour. Gar\u00e7on \u00e8 una panca in multistrato di abete, con imbottitura in poliuretano espanso e con gambe in trafilato di metallo colore nero. La caratteristica principale della panca Gar\u00e7on di Baxter \u00e8 la cura con cui la panca viene rivestita con l&#8217;inconfondibile pelle Baxter. Questa cura viene sublimata nell&#8217;edizione speciale Belle de Jour, infatti il rivestimento \u00e8 realizzato con una tecnica esclusiva di piegature e plissettature manuali della pelle, al fine di creare un particolare pattern a strisce. Per tale motivo la Special Edition Belle de Jour \u00e8 disponibile solo in pelli morbide Baxter quali: Bo.Hemian, Cloister, Extra, Kashmir, Nabuck, Old Shabby, Plume, Texture, e Veranda.<\/p>\n","protected":false},"featured_media":912,"comment_status":"open","ping_status":"closed","template":"","meta":{"_mi_skip_tracking":false,"_monsterinsights_sitenote_active":false,"_monsterinsights_sitenote_note":"","_monsterinsights_sitenote_category":0},"product_cat":[32],"product_tag":[],"class_list":["post-814","product","type-product","status-publish","has-post-thumbnail","hentry","product_cat-divani"],"yoast_head":"<!-- This site is optimized with the Yoast SEO plugin v20.10 - https:\/\/yoast.com\/wordpress\/plugins\/seo\/ -->\n<title>Panca In Pelle Baxter Gar\u00e7on Special Edition Belle De Jour - Arredamenti Trombetta<\/title>\n<meta name=\"robots\" content=\"index, follow, max-snippet:-1, max-image-preview:large, max-video-preview:-1\" \/>\n<link rel=\"canonical\" href=\"https:\/\/arredamentitrombetta.it\/prodotti\/panca-in-pelle-baxter-garcon-special-edition-belle-de-jour\/\" \/>\n<meta property=\"og:locale\" content=\"en_US\" \/>\n<meta property=\"og:type\" content=\"article\" \/>\n<meta property=\"og:title\" content=\"Panca In Pelle Baxter Gar\u00e7on Special Edition Belle De Jour - Arredamenti Trombetta\" \/>\n<meta property=\"og:description\" content=\"La panca Gar\u00e7on di Baxter, disegnata da Matteo Thun &amp; Antonio Rodriguez, \u00e8 adesso disponibile anche nell&#039;edizione speciale Belle de Jour. Gar\u00e7on \u00e8 una panca in multistrato di abete, con imbottitura in poliuretano espanso e con gambe in trafilato di metallo colore nero. La caratteristica principale della panca Gar\u00e7on di Baxter \u00e8 la cura con cui la panca viene rivestita con l&#039;inconfondibile pelle Baxter. Questa cura viene sublimata nell&#039;edizione speciale Belle de Jour, infatti il rivestimento \u00e8 realizzato con una tecnica esclusiva di piegature e plissettature manuali della pelle, al fine di creare un particolare pattern a strisce. Per tale motivo la Special Edition Belle de Jour \u00e8 disponibile solo in pelli morbide Baxter quali: Bo.Hemian, Cloister, Extra, Kashmir, Nabuck, Old Shabby, Plume, Texture, e Veranda.\" \/>\n<meta property=\"og:url\" content=\"https:\/\/arredamentitrombetta.it\/prodotti\/panca-in-pelle-baxter-garcon-special-edition-belle-de-jour\/\" \/>\n<meta property=\"og:site_name\" content=\"Arredamenti Trombetta\" \/>\n<meta property=\"article:modified_time\" content=\"2025-06-12T10:28:26+00:00\" \/>\n<meta property=\"og:image\" content=\"https:\/\/arredamentitrombetta.it\/wp-content\/uploads\/panca-garcon.jpg\" \/>\n\t<meta property=\"og:image:width\" content=\"1000\" \/>\n\t<meta property=\"og:image:height\" content=\"1000\" \/>\n\t<meta property=\"og:image:type\" content=\"image\/jpeg\" \/>\n<meta name=\"twitter:card\" content=\"summary_large_image\" \/>\n<meta name=\"twitter:label1\" content=\"Est. reading time\" \/>\n\t<meta name=\"twitter:data1\" content=\"1 minute\" \/>\n<script type=\"application\/ld+json\" class=\"yoast-schema-graph\">{\"@context\":\"https:\/\/schema.org\",\"@graph\":[{\"@type\":\"WebPage\",\"@id\":\"https:\/\/arredamentitrombetta.it\/prodotti\/panca-in-pelle-baxter-garcon-special-edition-belle-de-jour\/\",\"url\":\"https:\/\/arredamentitrombetta.it\/prodotti\/panca-in-pelle-baxter-garcon-special-edition-belle-de-jour\/\",\"name\":\"Panca In Pelle Baxter Gar\u00e7on Special Edition Belle De Jour - Arredamenti Trombetta\",\"isPartOf\":{\"@id\":\"https:\/\/arredamentitrombetta.it\/#website\"},\"datePublished\":\"2021-05-10T10:15:41+00:00\",\"dateModified\":\"2025-06-12T10:28:26+00:00\",\"breadcrumb\":{\"@id\":\"https:\/\/arredamentitrombetta.it\/prodotti\/panca-in-pelle-baxter-garcon-special-edition-belle-de-jour\/#breadcrumb\"},\"inLanguage\":\"en-US\",\"potentialAction\":[{\"@type\":\"ReadAction\",\"target\":[\"https:\/\/arredamentitrombetta.it\/prodotti\/panca-in-pelle-baxter-garcon-special-edition-belle-de-jour\/\"]}]},{\"@type\":\"BreadcrumbList\",\"@id\":\"https:\/\/arredamentitrombetta.it\/prodotti\/panca-in-pelle-baxter-garcon-special-edition-belle-de-jour\/#breadcrumb\",\"itemListElement\":[{\"@type\":\"ListItem\",\"position\":1,\"name\":\"Home\",\"item\":\"https:\/\/arredamentitrombetta.it\/en\/\"},{\"@type\":\"ListItem\",\"position\":2,\"name\":\"Shop\",\"item\":\"https:\/\/arredamentitrombetta.it\/en\/shop-2\/\"},{\"@type\":\"ListItem\",\"position\":3,\"name\":\"Panca In Pelle Baxter Gar\u00e7on Special Edition Belle De Jour\"}]},{\"@type\":\"WebSite\",\"@id\":\"https:\/\/arredamentitrombetta.it\/#website\",\"url\":\"https:\/\/arredamentitrombetta.it\/\",\"name\":\"Arredamenti Trombetta\",\"description\":\"Showroom di Arredamenti a Grumo Nevano\",\"publisher\":{\"@id\":\"https:\/\/arredamentitrombetta.it\/#organization\"},\"potentialAction\":[{\"@type\":\"SearchAction\",\"target\":{\"@type\":\"EntryPoint\",\"urlTemplate\":\"https:\/\/arredamentitrombetta.it\/?s={search_term_string}\"},\"query-input\":\"required name=search_term_string\"}],\"inLanguage\":\"en-US\"},{\"@type\":\"Organization\",\"@id\":\"https:\/\/arredamentitrombetta.it\/#organization\",\"name\":\"Arredamenti Trombetta\",\"url\":\"https:\/\/arredamentitrombetta.it\/\",\"logo\":{\"@type\":\"ImageObject\",\"inLanguage\":\"en-US\",\"@id\":\"https:\/\/arredamentitrombetta.it\/#\/schema\/logo\/image\/\",\"url\":\"https:\/\/arredamentitrombetta.it\/wp-content\/uploads\/2021\/03\/logo-svg.svg\",\"contentUrl\":\"https:\/\/arredamentitrombetta.it\/wp-content\/uploads\/2021\/03\/logo-svg.svg\",\"width\":1469,\"height\":202,\"caption\":\"Arredamenti Trombetta\"},\"image\":{\"@id\":\"https:\/\/arredamentitrombetta.it\/#\/schema\/logo\/image\/\"}}]}<\/script>\n<!-- \/ Yoast SEO plugin. -->","yoast_head_json":{"title":"Panca In Pelle Baxter Gar\u00e7on Special Edition Belle De Jour - Arredamenti Trombetta","robots":{"index":"index","follow":"follow","max-snippet":"max-snippet:-1","max-image-preview":"max-image-preview:large","max-video-preview":"max-video-preview:-1"},"canonical":"https:\/\/arredamentitrombetta.it\/prodotti\/panca-in-pelle-baxter-garcon-special-edition-belle-de-jour\/","og_locale":"en_US","og_type":"article","og_title":"Panca In Pelle Baxter Gar\u00e7on Special Edition Belle De Jour - Arredamenti Trombetta","og_description":"La panca Gar\u00e7on di Baxter, disegnata da Matteo Thun &amp; Antonio Rodriguez, \u00e8 adesso disponibile anche nell'edizione speciale Belle de Jour. Gar\u00e7on \u00e8 una panca in multistrato di abete, con imbottitura in poliuretano espanso e con gambe in trafilato di metallo colore nero. La caratteristica principale della panca Gar\u00e7on di Baxter \u00e8 la cura con cui la panca viene rivestita con l'inconfondibile pelle Baxter. Questa cura viene sublimata nell'edizione speciale Belle de Jour, infatti il rivestimento \u00e8 realizzato con una tecnica esclusiva di piegature e plissettature manuali della pelle, al fine di creare un particolare pattern a strisce. Per tale motivo la Special Edition Belle de Jour \u00e8 disponibile solo in pelli morbide Baxter quali: Bo.Hemian, Cloister, Extra, Kashmir, Nabuck, Old Shabby, Plume, Texture, e Veranda.","og_url":"https:\/\/arredamentitrombetta.it\/prodotti\/panca-in-pelle-baxter-garcon-special-edition-belle-de-jour\/","og_site_name":"Arredamenti Trombetta","article_modified_time":"2025-06-12T10:28:26+00:00","og_image":[{"width":1000,"height":1000,"url":"https:\/\/arredamentitrombetta.it\/wp-content\/uploads\/panca-garcon.jpg","type":"image\/jpeg"}],"twitter_card":"summary_large_image","twitter_misc":{"Est. reading time":"1 minute"},"schema":{"@context":"https:\/\/schema.org","@graph":[{"@type":"WebPage","@id":"https:\/\/arredamentitrombetta.it\/prodotti\/panca-in-pelle-baxter-garcon-special-edition-belle-de-jour\/","url":"https:\/\/arredamentitrombetta.it\/prodotti\/panca-in-pelle-baxter-garcon-special-edition-belle-de-jour\/","name":"Panca In Pelle Baxter Gar\u00e7on Special Edition Belle De Jour - Arredamenti Trombetta","isPartOf":{"@id":"https:\/\/arredamentitrombetta.it\/#website"},"datePublished":"2021-05-10T10:15:41+00:00","dateModified":"2025-06-12T10:28:26+00:00","breadcrumb":{"@id":"https:\/\/arredamentitrombetta.it\/prodotti\/panca-in-pelle-baxter-garcon-special-edition-belle-de-jour\/#breadcrumb"},"inLanguage":"en-US","potentialAction":[{"@type":"ReadAction","target":["https:\/\/arredamentitrombetta.it\/prodotti\/panca-in-pelle-baxter-garcon-special-edition-belle-de-jour\/"]}]},{"@type":"BreadcrumbList","@id":"https:\/\/arredamentitrombetta.it\/prodotti\/panca-in-pelle-baxter-garcon-special-edition-belle-de-jour\/#breadcrumb","itemListElement":[{"@type":"ListItem","position":1,"name":"Home","item":"https:\/\/arredamentitrombetta.it\/en\/"},{"@type":"ListItem","position":2,"name":"Shop","item":"https:\/\/arredamentitrombetta.it\/en\/shop-2\/"},{"@type":"ListItem","position":3,"name":"Panca In Pelle Baxter Gar\u00e7on Special Edition Belle De Jour"}]},{"@type":"WebSite","@id":"https:\/\/arredamentitrombetta.it\/#website","url":"https:\/\/arredamentitrombetta.it\/","name":"Arredamenti Trombetta","description":"Showroom di Arredamenti a Grumo Nevano","publisher":{"@id":"https:\/\/arredamentitrombetta.it\/#organization"},"potentialAction":[{"@type":"SearchAction","target":{"@type":"EntryPoint","urlTemplate":"https:\/\/arredamentitrombetta.it\/?s={search_term_string}"},"query-input":"required name=search_term_string"}],"inLanguage":"en-US"},{"@type":"Organization","@id":"https:\/\/arredamentitrombetta.it\/#organization","name":"Arredamenti Trombetta","url":"https:\/\/arredamentitrombetta.it\/","logo":{"@type":"ImageObject","inLanguage":"en-US","@id":"https:\/\/arredamentitrombetta.it\/#\/schema\/logo\/image\/","url":"https:\/\/arredamentitrombetta.it\/wp-content\/uploads\/2021\/03\/logo-svg.svg","contentUrl":"https:\/\/arredamentitrombetta.it\/wp-content\/uploads\/2021\/03\/logo-svg.svg","width":1469,"height":202,"caption":"Arredamenti Trombetta"},"image":{"@id":"https:\/\/arredamentitrombetta.it\/#\/schema\/logo\/image\/"}}]}},"_links":{"self":[{"href":"https:\/\/arredamentitrombetta.it\/en\/wp-json\/wp\/v2\/product\/814","targetHints":{"allow":["GET"]}}],"collection":[{"href":"https:\/\/arredamentitrombetta.it\/en\/wp-json\/wp\/v2\/product"}],"about":[{"href":"https:\/\/arredamentitrombetta.it\/en\/wp-json\/wp\/v2\/types\/product"}],"replies":[{"embeddable":true,"href":"https:\/\/arredamentitrombetta.it\/en\/wp-json\/wp\/v2\/comments?post=814"}],"wp:featuredmedia":[{"embeddable":true,"href":"https:\/\/arredamentitrombetta.it\/en\/wp-json\/wp\/v2\/media\/912"}],"wp:attachment":[{"href":"https:\/\/arredamentitrombetta.it\/en\/wp-json\/wp\/v2\/media?parent=814"}],"wp:term":[{"taxonomy":"product_cat","embeddable":true,"href":"https:\/\/arredamentitrombetta.it\/en\/wp-json\/wp\/v2\/product_cat?post=814"},{"taxonomy":"product_tag","embeddable":true,"href":"https:\/\/arredamentitrombetta.it\/en\/wp-json\/wp\/v2\/product_tag?post=814"}],"curies":[{"name":"wp","href":"https:\/\/api.w.org\/{rel}","templated":true}]}}

Panca In Pelle Baxter Garçon Special Edition Belle De Jour

<h1>Panca Garçon Special Edition Belle De Jour</h1>
<p>Struttura in multistrato di abete. Imbottitura in poliuretano espanso. Gambe in trafilato di metallo nero opaco. A richiesta è possibile avere le gambe verniciate con colore campione con un supplemento del 6%.<br />
Nella Special Edition Belle de Jour rivestimento realizzato con una tecnica esclusiva di piegature e plissettature manuali della pelle, al fine di creare un particolare pattern a strisce.</p>
<h2>Scheda tecnica</h2>
<p><a href="https://arredamentitrombetta.it/wp-content/uploads/Garcon.pdf">Download Scheda Tecnica Garcon </a></p>
<p>&nbsp;</p>

<p>La panca Garçon di Baxter, disegnata da Matteo Thun &amp; Antonio Rodriguez, è adesso disponibile anche nell&#8217;edizione speciale Belle de Jour. Garçon è una panca in multistrato di abete, con imbottitura in poliuretano espanso e con gambe in trafilato di metallo colore nero. La caratteristica principale della panca Garçon di Baxter è la cura con cui la panca viene rivestita con l&#8217;inconfondibile pelle Baxter. Questa cura viene sublimata nell&#8217;edizione speciale Belle de Jour, infatti il rivestimento è realizzato con una tecnica esclusiva di piegature e plissettature manuali della pelle, al fine di creare un particolare pattern a strisce. Per tale motivo la Special Edition Belle de Jour è disponibile solo in pelli morbide Baxter quali: Bo.Hemian, Cloister, Extra, Kashmir, Nabuck, Old Shabby, Plume, Texture, e Veranda.</p>

<!-- This site is optimized with the Yoast SEO plugin v20.10 - https://yoast.com/wordpress/plugins/seo/ -->
<title>Panca In Pelle Baxter Garçon Special Edition Belle De Jour - Arredamenti Trombetta</title>
<meta name="robots" content="index, follow, max-snippet:-1, max-image-preview:large, max-video-preview:-1" />
<link rel="canonical" href="https://arredamentitrombetta.it/prodotti/panca-in-pelle-baxter-garcon-special-edition-belle-de-jour/" />
<meta property="og:locale" content="en_US" />
<meta property="og:type" content="article" />
<meta property="og:title" content="Panca In Pelle Baxter Garçon Special Edition Belle De Jour - Arredamenti Trombetta" />
<meta property="og:description" content="La panca Garçon di Baxter, disegnata da Matteo Thun &amp; Antonio Rodriguez, è adesso disponibile anche nell&#039;edizione speciale Belle de Jour. Garçon è una panca in multistrato di abete, con imbottitura in poliuretano espanso e con gambe in trafilato di metallo colore nero. La caratteristica principale della panca Garçon di Baxter è la cura con cui la panca viene rivestita con l&#039;inconfondibile pelle Baxter. Questa cura viene sublimata nell&#039;edizione speciale Belle de Jour, infatti il rivestimento è realizzato con una tecnica esclusiva di piegature e plissettature manuali della pelle, al fine di creare un particolare pattern a strisce. Per tale motivo la Special Edition Belle de Jour è disponibile solo in pelli morbide Baxter quali: Bo.Hemian, Cloister, Extra, Kashmir, Nabuck, Old Shabby, Plume, Texture, e Veranda." />
<meta property="og:url" content="https://arredamentitrombetta.it/prodotti/panca-in-pelle-baxter-garcon-special-edition-belle-de-jour/" />
<meta property="og:site_name" content="Arredamenti Trombetta" />
<meta property="article:modified_time" content="2025-06-12T10:28:26+00:00" />
<meta property="og:image" content="https://arredamentitrombetta.it/wp-content/uploads/panca-garcon.jpg" />
	<meta property="og:image:width" content="1000" />
	<meta property="og:image:height" content="1000" />
	<meta property="og:image:type" content="image/jpeg" />
<meta name="twitter:card" content="summary_large_image" />
<meta name="twitter:label1" content="Est. reading time" />
	<meta name="twitter:data1" content="1 minute" />
<script type="application/ld+json" class="yoast-schema-graph">{"@context":"https://schema.org","@graph":[{"@type":"WebPage","@id":"https://arredamentitrombetta.it/prodotti/panca-in-pelle-baxter-garcon-special-edition-belle-de-jour/","url":"https://arredamentitrombetta.it/prodotti/panca-in-pelle-baxter-garcon-special-edition-belle-de-jour/","name":"Panca In Pelle Baxter Garçon Special Edition Belle De Jour - Arredamenti Trombetta","isPartOf":{"@id":"https://arredamentitrombetta.it/#website"},"datePublished":"2021-05-10T10:15:41+00:00","dateModified":"2025-06-12T10:28:26+00:00","breadcrumb":{"@id":"https://arredamentitrombetta.it/prodotti/panca-in-pelle-baxter-garcon-special-edition-belle-de-jour/#breadcrumb"},"inLanguage":"en-US","potentialAction":[{"@type":"ReadAction","target":["https://arredamentitrombetta.it/prodotti/panca-in-pelle-baxter-garcon-special-edition-belle-de-jour/"]}]},{"@type":"BreadcrumbList","@id":"https://arredamentitrombetta.it/prodotti/panca-in-pelle-baxter-garcon-special-edition-belle-de-jour/#breadcrumb","itemListElement":[{"@type":"ListItem","position":1,"name":"Home","item":"https://arredamentitrombetta.it/en/"},{"@type":"ListItem","position":2,"name":"Shop","item":"https://arredamentitrombetta.it/en/shop-2/"},{"@type":"ListItem","position":3,"name":"Panca In Pelle Baxter Garçon Special Edition Belle De Jour"}]},{"@type":"WebSite","@id":"https://arredamentitrombetta.it/#website","url":"https://arredamentitrombetta.it/","name":"Arredamenti Trombetta","description":"Showroom di Arredamenti a Grumo Nevano","publisher":{"@id":"https://arredamentitrombetta.it/#organization"},"potentialAction":[{"@type":"SearchAction","target":{"@type":"EntryPoint","urlTemplate":"https://arredamentitrombetta.it/?s={search_term_string}"},"query-input":"required name=search_term_string"}],"inLanguage":"en-US"},{"@type":"Organization","@id":"https://arredamentitrombetta.it/#organization","name":"Arredamenti Trombetta","url":"https://arredamentitrombetta.it/","logo":{"@type":"ImageObject","inLanguage":"en-US","@id":"https://arredamentitrombetta.it/#/schema/logo/image/","url":"https://arredamentitrombetta.it/wp-content/uploads/2021/03/logo-svg.svg","contentUrl":"https://arredamentitrombetta.it/wp-content/uploads/2021/03/logo-svg.svg","width":1469,"height":202,"caption":"Arredamenti Trombetta"},"image":{"@id":"https://arredamentitrombetta.it/#/schema/logo/image/"}}]}</script>
<!-- / Yoast SEO plugin. -->

Panca In Pelle Baxter Garçon Special Edition Belle De Jour - Arredamenti Trombetta

La panca Garçon di Baxter, disegnata da Matteo Thun &amp; Antonio Rodriguez, è adesso disponibile anche nell'edizione speciale Belle de Jour. Garçon è una panca in multistrato di abete, con imbottitura in poliuretano espanso e con gambe in trafilato di metallo colore nero. La caratteristica principale della panca Garçon di Baxter è la cura con cui la panca viene rivestita con l'inconfondibile pelle Baxter. Questa cura viene sublimata nell'edizione speciale Belle de Jour, infatti il rivestimento è realizzato con una tecnica esclusiva di piegature e plissettature manuali della pelle, al fine di creare un particolare pattern a strisce. Per tale motivo la Special Edition Belle de Jour è disponibile solo in pelli morbide Baxter quali: Bo.Hemian, Cloister, Extra, Kashmir, Nabuck, Old Shabby, Plume, Texture, e Veranda.
